or of 26 and 320918.
26
Calculate the greatest common factor of 27687 and 18.
3
What is the greatest common divisor of 278544 and 224?
112
What is the greatest common divisor of 279 and 248837?
31
What is the greatest common divisor of 3552 and 216?
24
Calculate the highest common factor of 405 and 3828330.
135
Calculate the highest common divisor of 16 and 1396048.
16
Calculate the greatest common divisor of 20328 and 504.
168
What is the highest common factor of 1040 and 421070?
130
What is the greatest common divisor of 1230 and 943?
41
Calculate the greatest common factor of 20468 and 84.
28
Calculate the highest common factor of 480 and 380.
20
Calculate the highest common divisor of 500 and 45590.
10
Calculate the highest common divisor of 4969032 and 2040.
408
What is the highest common divisor of 106 and 702939?
53
Calculate the highest common factor of 20264 and 1496.
136
Calculate the highest common factor of 229362 and 27559.
889
What is the highest common divisor of 1206 and 13266?
1206
What is the highest common factor of 139740 and 1290?
30
Calculate the greatest common divisor of 7860 and 180.
60
What is the highest common divisor of 59630 and 402?
134
What is the highest common factor of 2994 and 2911166?
998
Calculate the greatest common factor of 2228249 and 31.
31
Calculate the greatest common factor of 30 and 9610.
10
Calculate the greatest common factor of 68 and 298622.
34
What is the highest common divisor of 9 and 6537?
3
Calculate the highest common divisor of 870 and 274485.
435
Calculate the greatest common divisor of 378 and 266.
14
Calculate the greatest common factor of 132 and 351012.
12
Calculate the greatest common factor of 27699 and 12.
3
Calculate the highest common divisor of 91695 and 240.
15
What is the highest common factor of 12 and 4668?
12
Calculate the highest common factor of 108 and 2499066.
54
Calculate the greatest common factor of 5030108 and 232.
116
Calculate the highest common factor of 5667 and 243.
3
Calculate the greatest common factor of 5148 and 143.
143
What is the greatest common factor of 101 and 205939?
101
What is the highest common divisor of 39957 and 969?
57
Calculate the greatest common divisor of 365268 and 61.
61
Calculate the greatest common divisor of 6762 and 1554.
42
Calculate the highest common factor of 14385 and 500.
5
What is the highest common factor of 699 and 207836?
233
Calculate the highest common factor of 72286 and 3854.
94
What is the greatest common divisor of 224 and 12124?
28
Calculate the highest common divisor of 29149 and 824.
103
What is the greatest common divisor of 12 and 1567?
1
What is the greatest common divisor of 122145 and 17?
17
What is the highest common factor of 1680 and 512085?
105
What is the highest common factor of 114 and 76703?
19
Calculate the greatest common divisor of 10290 and 90.
30
Calculate the greatest common factor of 126 and 768618.
18
Calculate the greatest common factor of 4644 and 2088.
36
What is the highest common factor of 832 and 68705?
13
Calculate the highest common divisor of 4 and 879256.
4
What is the greatest common factor of 131 and 81?
1
What is the greatest common divisor of 8288 and 3663?
37
What is the highest common divisor of 5979 and 12?
3
What is the greatest common divisor of 368961 and 38?
19
Calculate the greatest common factor of 32287 and 13226.
389
What is the greatest common factor of 4720 and 88?
8
Calculate the greatest common factor of 3724 and 1047508.
532
Calculate the greatest common divisor of 21184 and 8192.
64
Calculate the highest common divisor of 947793 and 363.
363
What is the greatest common divisor of 34 and 1225547?
17
Calculate the highest common factor of 5993 and 637.
13
Calculate the greatest common divisor of 14820 and 2100.
60
What is the highest common divisor of 24 and 43544?
8
Calculate the greatest common divisor of 1139 and 2006918.
1139
What is the highest common divisor of 80 and 60080?
80
Calculate the greatest common divisor of 9 and 678.
3
Calculate the highest common factor of 231 and 103719.
231
Calculate the greatest common factor of 756 and 103236.
84
Calculate the greatest common divisor of 8491203 and 189.
189
What is the greatest common factor of 633 and 9917?
211
What is the greatest common factor of 583 and 4367?
11
What is the highest common factor of 55448 and 8120?
232
What is the highest common factor of 110352 and 638?
22
What is the highest common factor of 184 and 37214?
46
What is the highest common factor of 111 and 187997?
37
Calculate the greatest common divisor of 112 and 115888.
16
Calculate the highest common divisor of 504 and 8064.
504
What is the greatest common factor of 1118 and 9589?
43
Calculate the highest common divisor of 960 and 637760.
320
What is the highest common factor of 2101 and 440?
11
What is the highest common factor of 2355 and 8145?
15
Calculate the greatest common factor of 126 and 110.
2
Calculate the highest common factor of 2958 and 4386.
102
What is the highest common divisor of 8218 and 14?
14
Calculate the greatest common divisor of 58564 and 1936.
484
Calculate the greatest common factor of 24 and 70536.
24
What is the highest common divisor of 60 and 31884?
12
Calculate the greatest common factor of 54152 and 952.
56
What is the greatest common factor of 1218 and 8022?
42
What is the highest common divisor of 57101 and 957?
319
Calculate the greatest common factor of 48 and 39420.
12
What is the greatest common factor of 7695 and 1233?
9
What is the highest common divisor of 860 and 38356?
172
What is the greatest common divisor of 96579 and 756?
189
What is the highest common factor of 364 and 53662?
14
Calculate the highest common factor of 132 and 81.
3
Calculate the greatest common divisor of 147701 and 127.
127
Calculate the highest common factor of 651491 and 323.
323
Calculate the highest common divisor of 12890 and 290.
10
What is the highest common divisor of 93225 and 99825?
825
Calculate the greatest common factor of 10494 and 21186.
198
What is the highest common divisor of 132 and 192?
12
What is the greatest common divisor of 460488 and 224?
56
Calculate the greatest common divisor of 348 and 1381038.
174
What is the highest common factor of 252577 and 65?
13
What is the highest common divisor of 1560 and 2840?
40
Calculate the highest common factor of 237860 and 70.
70
What is the greatest common factor of 17318 and 56?
14
What is the highest common divisor of 124499 and 23?
23
What is the highest common divisor of 2268992 and 726?
242
Calculate the greatest common factor of 87 and 675.
3
Calculate the highest common divisor of 4187 and 212.
53
What is the greatest common divisor of 52 and 101120?
4
What is the highest common divisor of 2901447 and 81?
27
What is the greatest common factor of 336 and 49952?
112
What is the greatest common divisor of 381 and 1676019?
381
What is the greatest common factor of 4368 and 228774?
546
Calculate the greatest common factor of 11049 and 116.
29
What is the highest common factor of 18 and 60882?
6
What is the highest common factor of 11868 and 2193?
129
What is the greatest common divisor of 5146 and 558?
62
What is the greatest common factor of 30582 and 18?
18
What is the greatest common factor of 24759 and 21?
21
What is the greatest common divisor of 308841 and 39?
39
Calculate the greatest common divisor of 63 and 269361.
9
Calculate the highest common divisor of 2456 and 1912.
8
What is the greatest common factor of 1738 and 7584?
158
What is the greatest common divisor of 12 and 147882?
6
Calculate the highest common factor of 638 and 13630.
58
What is the greatest common divisor of 13754 and 65?
13
Calculate the highest common factor of 3995 and 21855.
235
What is the highest common divisor of 1237290 and 120?
30
Calculate the highest common factor of 3262070 and 105.
35
What is the highest common factor of 19118 and 1254?
22
Calculate the greatest common divisor of 41304 and 192.
24
Calculate the greatest common divisor of 91 and 163.
1
What is the highest common factor of 72809 and 66?
11
Calculate the highest common divisor of 59350 and 150.
50
Calculate the highest common factor of 3033 and 107.
1
Calculate the highest common divisor of 89 a